ppose 3*j + 24 = 2*v + v, 0 = 5*v + 2*j - 75. Let d(u) = u**2 - 8*u - 7. Let i be d(9). Suppose i*n = n + v. Is n composite?
False
Suppose j - 3*j + 70 = 0. Is j a prime number?
False
Suppose -g + 350 = 4*i, -2*i = -4*i + g + 178. Suppose -i = -5*q + q. Is q/8 + (-3)/(-12) composite?
False
Suppose 15*h = 16*h - 121. Is h a composite number?
True
Let p(d) = d**2 + 6*d + 5. Let t(w) = 3*w**2 + 18*w + 14. Let i(g) = -17*p(g) + 6*t(g). Let a be i(-8). Suppose -60 = -3*o - a. Is o a prime number?
False
Suppose -8*i + 3370 = -14062. Is i a composite number?
False
Suppose -9*c = -6*c + 14490. Is ((-4)/(-6))/((-20)/c) a composite number?
True
Suppose 41 = 5*q + 3*y - 862, 2*q + 3*y = 354. Is q a prime number?
False
Let n = 0 - -3. Is (54 - 1)/(n/3) a prime number?
True
Suppose -15 = h + 4*h. Is (h - -215) + (1 - 2) a composite number?
False
Let r = 7 - 2. Let a be 2 - 0 - (r + 7). Let n(v) = 2*v**2 + 11*v + 1. Is n(a) a prime number?
False
Let r = 11 - 1. Suppose -11 = 5*a + 19. Let h = a + r. Is h composite?
True
Suppose 4*o - 18 = -4*f + 2, -4 = -2*f. Suppose -o*w + 227 = 3*n - 31, 4*w - 258 = -3*n. Is n composite?
True
Suppose -2*c = -c + 13. Let b(o) = -19*o + 12. Is b(c) prime?
False
Let i = 24 - 6. Let c be 4/i + 25/9. Is (-1)/c + (-1268)/(-6) a prime number?
True
Let p(x) = -3*x**3. Let n be p(-1). Suppose g - 328 = -n*g. Suppose 5*w = 2*q - g, -q + 3*w = 4*w - 27. Is q a composite number?
False
Let k = -24 + 24. Suppose k = o - q - 0*q - 154, o = 5*q + 174. Is o composite?
False
Let i(b) be the second derivative of 2/3*b**3 + 0 - 2*b + 1/12*b**4 - 4*b**2. Is i(-6) a composite number?
True
Let v = 104 - 219. Let l = 230 + v. Is l a prime number?
False
Suppose 9*a = 4*a - 115. Let z = 38 + a. Is z prime?
False
Let f = 12 - -42. Let u = 49 + f. Is u a prime number?
True
Let l(h) = -h**3 + 5*h**2 - 3*h - 1. Let i(b) = -b**3 - 5*b**2 + 5*b - 2. Let o be i(-6). Is l(o) a prime number?
True
Is 1*2658/(-4)*12/(-18) a composite number?
False
Let a = -5 + 4. Let y be -1*(a - 2) - 1. Suppose p + 0*d + y*d = 59, 4*p = -2*d + 218. Is p a composite number?
False
Is (-8 - -4)*(-238)/8 a composite number?
True
Suppose 3*n = -2*a - 14, -3*a + 0 = 3. Let t be (-9)/(-6)*n/(-1). Let m(k) = 3*k**2 + 2*k - 7. Is m(t) a composite number?
False
Suppose -654 = -6*o - 180. Is o composite?
False
Let m = 487 + -326. Is m prime?
False
Suppose -b - 3*g = -6*g - 14, 0 = -5*g. Suppose -y - 1 = -2*q - b, -2*y = q - 31. Is y prime?
False
Suppose 3*l + 5 = -t - l, 0 = -3*l - 6. Suppose a + t*a = -412. Let w = a + 156. Is w prime?
True
Is 2741 - (-17)/((-68)/(-24)) composite?
True
Suppose 382 = 4*u - 2*u. Is u composite?
False
Let p be (-1 - (-214)/4)*2. Let z = -58 + p. Is z composite?
False
Let o(s) = -73*s**2 + 2*s. Let q be o(-2). Let h = 589 + q. Is h prime?
True
Let t(z) = 20*z**2 - z - 1. Let a(k) = -20*k**2 + k + 2. Let y(p) = 2*a(p) + 3*t(p). Is y(2) prime?
True
Let c(h) = -h**2 + 7*h - 5. Let u be c(7). Let y = -3 - u. Is -2 + 7 + (4 - y) a composite number?
False
Let m = -5 - -13. Suppose 4*c = m, -3*o + c + 469 = -0*o. Is o prime?
True
Suppose 1414 = 3*z - 533. Is z prime?
False
Is 220 - ((-12)/(-4) + -6) prime?
True
Suppose -3*h - 201 = -4*i, 306 = 5*h - 10*h - 3*i. Suppose 3*y - 46 = -2*x, x + 73 = 4*y + 6*x. Is 8/(-3)*h/y composite?
True
Suppose 3*w - 2*w + 126 = 0. Let a = 1 - w. Is a a prime number?
True
Suppose -6*w + 5262 = -0*w. Is w composite?
False
Suppose 0 = 2*x - 543 + 41. Is x a prime number?
True
Let v = -1250 - -2203. Is v prime?
True
Let w be 12/30 - (-14)/(-10). Is (1 - -3)/2 - w a prime number?
True
Let g = -13 + 16. Suppose g*n + 222 = 5*n. Is n composite?
True
Let f = -6 + 5. Let h = -1 - f. Is (-4 + h)*38/(-8) prime?
True
Suppose -720 = -2*t - 2*c, 0 = -t - 4*c - c + 368. Is t a prime number?
False
Suppose -1 = -s - 4. Is 2905/30 - s/18 a prime number?
True
Is (-3)/(-2)*6236/6 a prime number?
True
Let o(w) = -7*w - 9. Suppose t = 2 - 8. Is o(t) a composite number?
True
Suppose -c + 8 = 3*c. Let j be 6 - (4 - c - -1). Suppose 0 = j*z - 4*z + 83. Is z composite?
False
Let i be (2 - 4) + 27/(-3). Let d = -7 - i. Suppose -4*u = -y + 4*y - 217, d*y - 276 = -2*u. Is y a prime number?
True
Let j(v) = v**3 + v**2 + 2*v - 4. Let c be j(6). Suppose h - 2*h = -5*y + 441, -3*y - 4*h = -c. Let m = y - 53. Is m a prime number?
False
Let a be (-216)/(-63) - (-3)/(-7). Suppose -m - a*y + 0*y + 95 = 0, m - 87 = y. Is m a composite number?
False
Let j = 16 + 21. Is j prime?
True
Suppose -3642 = -9*u + 6*u. Is u composite?
True
Suppose -r + 65 = -68. Is r composite?
True
Suppose 0 = 4*l - 3*l - 185. Suppose 9*o = 4*o + l. Is o a composite number?
False
Let i(u) = 0*u + 5 + 1 - u + 0. Let q be i(5). Is q + -3 + 4 + 81 composite?
False
Suppose -2*y = -6*y. Suppose 3*w + 2*w = y. Suppose w = -5*k - n + 66, 11 - 78 = -5*k - 2*n. Is k composite?
False
Let f = 376 + -174. Is f composite?
True
Let r(s) = 26*s. Suppose -2*u - 3*u + 5 = 0. Let q be u - (0/3 - 0). Is r(q) prime?
False
Is 4 + 2176 - (-3)/(-3) prime?
True
Suppose 0 = -5*k - 18 - 2. Let r(q) = -6*q - 1. Is r(k) a prime number?
True
Let t(p) = 7*p - 2. Let v be t(3). Suppose -4*f = -v - 69. Is f composite?
True
Let u(h) = h**3 - h**2 - h - 8. Let g be u(0). Is 120 - -6*(-4)/g composite?
True
Let q(x) = -6*x - 208. Let v(g) = -14*g - 418. Let s(m) = -7*m - 209. Let b(t) = -11*s(t) + 6*v(t). Let y(a) = 5*b(a) - 6*q(a). Is y(0) prime?
False
Let s = 664 + -323. Is s prime?
False
Let g = 3 - 0. Let j(n) = -n**2 + 2*n + 1. Let d be j(g). Let u(o) = -34*o - 1. Is u(d) a composite number?
False
Let y(k) = -k - 6. Let p be y(-7). Let n = -5 - -2. Is (p + 20)*(4 + n) a composite number?
True
Let u(d) = d**3 - 5*d**2 - 7*d + 9. Let f be u(6). Suppose -4*j - 4*t = j - 1251, f*j + t = 752. Is j a composite number?
False
Suppose -6*o + o + 10 = 0. Suppose -f = o*f. Suppose -2*z + 21 + 21 = f. Is z composite?
True
Let v = -4 + 5. Let u be (11 - 2 - v)/2. Is (-1)/(((-12)/57)/u) a prime number?
True
Let t(y) = -y**2 - 48*y - 69. Is t(-32) a prime number?
True
Suppose -2*p - 4*t + 3133 - 1015 = 0, -3*p + 3*t + 3159 = 0. Is p prime?
False
Is (-522)/(-2) + -10 + 8 composite?
True
Let f(m) = m**2 + 6*m - 2. Let i be f(-4). Let t(x) = 8*x - 6*x - 11 - 5*x. Is t(i) a composite number?
False
Let x(p) = p**2 + 11*p + 17. Let l = -10 - 6. Is x(l) a prime number?
True
Let i = 323 - 204. Is i a prime number?
False
Let d(f) = f + 4. Let t(o) = o + 3. Let x(s) = 4*d(s) - 3*t(s). Let c be x(-4). Is (34/(-3))/(c/(-9)) a prime number?
False
Suppose -4*l = -19 + 3, 5*l - 16 = w. Suppose p + w*p = -2*u + 5483, 3289 = 3*p + 2*u. Is p a composite number?
False
Suppose 3*p = -3*o + 387, -p = -2*o - 0*o + 252. Is o a prime number?
True
Suppose -18*c + 16*c + 2470 = 0. Suppose -7*x + c = -2*x. Is x prime?
False
Suppose 3*h + 4 = -h. Let q(k) be the third derivative of -7*k**6/40 + k**5/60 + k**4/12 + k**3/6 - 4*k**2. Is q(h) a prime number?
False
Suppose 0*a - 5*a = 4*q - 19101, 3797 = a - 5*q. Is a a composite number?
True
Suppose 5*p - 4*l = -2*l + 1535, 0 = 2*p + 3*l - 614. Is p composite?
False
Suppose 13*l = 12*l + 143. Is l prime?
False
Suppose -6*v = -4989 - 657. Is v composite?
False
Let v = 0 - -7. Suppose -b + v*b - 3198 = 0. Is b prime?
False
Let g(v) = 3*v**2 + 13*v - 9. Is g(-11) prime?
True
Let k(x) = x**3 + x - 12. Let s be k(0). Let u be s/(-5)*(-1040)/(-6). Suppose 5*o = 2*r + r + 2086, -r - u = -o. Is o a prime number?
True
Suppose -5*d = 3*h - 170, 0 = d + 2*h - 0*h - 41. Is d prime?
True
Let c(n) = -16*n**3 - n**2 + n - 3. Let q(g) = -17*g**3 - 2*g**2 + g - 4. Let r(p) = -5*c(p) + 4*q(p). Is r(3) a prime number?
True
Let c(i) = -i - 1. Let w(v) = -54*v**2 + 2*v + 3. Let l(n) = -4*c(n) - w(n). Is l(2) a prime number?
False
Let r = -10 + 10. Suppose r = 2*w - 203 + 29. Is w prime?
False
Let w = -5294 - -7975. Is w a prime number?
False
Let h(c) be the second derivative of 2*c**5/5 + c**4/12 - 2*c. Let q be h(1). Suppose -4*x = -q - 15. Is x a prime number?
False
Let l(s) = 2*s**2 + 5. Let o(r) = -r**3 + 5*r**2 - 3*r + 3. Let x be o(3). Is l(x) a composite number?
False
Suppose -2*p = 2*w + 3*w - 2263, -4*w + 4*p + 1788 = 0. Is w a prime number?
False
Let d be (-1)/((-1)/(-1 - -2)). Is d*3 - (-624)/4 composite?
True
Suppose 5476